{"id":39,"date":"2021-12-01T16:52:57","date_gmt":"2021-12-01T19:52:57","guid":{"rendered":"https:\/\/objetivoline.com.br\/varejo\/produto\/jaqueta-feminina-de-moletom\/"},"modified":"2026-03-20T16:03:11","modified_gmt":"2026-03-20T19:03:11","slug":"jaqueta-feminina-de-moletom","status":"publish","type":"product","link":"https:\/\/objetivoline.com.br\/varejo\/produto\/jaqueta-feminina-de-moletom\/","title":{"rendered":"Jaqueta feminina de moletom"},"content":{"rendered":"","protected":false},"excerpt":{"rendered":"<p><strong>Detalhes<\/strong><br \/>\nJaqueta de moletom stretch com capuz. Bolsos frontais. Capuz forrado em malha. Aplica\u00e7\u00e3o de logomarca no bra\u00e7o com prote\u00e7\u00e3o interna. Abertura no punho a partir do tamanho 8.<\/p>\n<p><strong>Cuidados e Mat\u00e9ria-Prima<\/strong><br \/>\n\u2022 48% poli\u00e9ster, 47% algod\u00e3o e 5% elastano<br \/>\n\u2022 Pode ser lavado na temperatura m\u00e1ximo de 40\u00b0C.<br \/>\n\u2022 N\u00e3o usar produtos com cloro ou outros alvejantes.<br \/>\n\u2022 Pode secar em m\u00e1quina com temperatura baixa.<br \/>\n\u2022 \u00c9 permitido usar ferro at\u00e9 100\u00b0C sem vapor.<br \/>\n\u2022 N\u00e3o lavar a seco.<\/p>\n<p><img decoding=\"async\" src=\"https:\/\/objetivoline.com.br\/wp-content\/uploads\/2021\/03\/29-jaqueta-feminina-de-moletom-scaled.jpg\" \/><\/p>\n","protected":false},"featured_media":663,"template":"","meta":[],"product_cat":[37],"product_tag":[],"_links":{"self":[{"href":"https:\/\/objetivoline.com.br\/varejo\/wp-json\/wp\/v2\/product\/39"}],"collection":[{"href":"https:\/\/objetivoline.com.br\/varejo\/wp-json\/wp\/v2\/product"}],"about":[{"href":"https:\/\/objetivoline.com.br\/varejo\/wp-json\/wp\/v2\/types\/product"}],"wp:featuredmedia":[{"embeddable":true,"href":"https:\/\/objetivoline.com.br\/varejo\/wp-json\/wp\/v2\/media\/663"}],"wp:attachment":[{"href":"https:\/\/objetivoline.com.br\/varejo\/wp-json\/wp\/v2\/media?parent=39"}],"wp:term":[{"taxonomy":"product_cat","embeddable":true,"href":"https:\/\/objetivoline.com.br\/varejo\/wp-json\/wp\/v2\/product_cat?post=39"},{"taxonomy":"product_tag","embeddable":true,"href":"https:\/\/objetivoline.com.br\/varejo\/wp-json\/wp\/v2\/product_tag?post=39"}],"curies":[{"name":"wp","href":"https:\/\/api.w.org\/{rel}","templated":true}]}}