{"id":20,"date":"2021-12-01T16:52:04","date_gmt":"2021-12-01T19:52:04","guid":{"rendered":"https:\/\/objetivoline.com.br\/varejo\/produto\/camiseta-dry-azul-com-recorte-amarelo\/"},"modified":"2026-03-25T18:01:50","modified_gmt":"2026-03-25T21:01:50","slug":"camiseta-dry-azul-com-recorte-amarelo","status":"publish","type":"product","link":"https:\/\/objetivoline.com.br\/varejo\/produto\/camiseta-dry-azul-com-recorte-amarelo\/","title":{"rendered":"Camiseta Dry azul com recorte amarelo"},"content":{"rendered":"","protected":false},"excerpt":{"rendered":"<p><strong>Detalhes<\/strong><br \/>\nCamiseta confeccionada em malha dry fit tecnol\u00f3gica com transporte de umidade e secagem r\u00e1pida. Recorte lateral de malha dry fit. Aplica\u00e7\u00e3o de logomarca em silk.<\/p>\n<p><strong>Cuidados e Mat\u00e9ria-Prima<\/strong><br \/>\n\u2022 100% poli\u00e9ster.<br \/>\n\u2022 Lavagem a m\u00e3o.<br \/>\n\u2022 N\u00e3o usar produtos com cloro ou outros alvejantes.<br \/>\n\u2022 N\u00e3o secar em m\u00e1quina.<br \/>\n\u2022 N\u00e3o passar.<br \/>\n\u2022 N\u00e3o lavar a seco.<\/p>\n<p><img decoding=\"async\" src=\"https:\/\/objetivoline.com.br\/wp-content\/uploads\/2021\/03\/10-camiseta-dry-azul-com-recorte-amarelo-scaled.jpg\" \/><\/p>\n","protected":false},"featured_media":657,"template":"","meta":[],"product_cat":[19],"product_tag":[],"_links":{"self":[{"href":"https:\/\/objetivoline.com.br\/varejo\/wp-json\/wp\/v2\/product\/20"}],"collection":[{"href":"https:\/\/objetivoline.com.br\/varejo\/wp-json\/wp\/v2\/product"}],"about":[{"href":"https:\/\/objetivoline.com.br\/varejo\/wp-json\/wp\/v2\/types\/product"}],"wp:featuredmedia":[{"embeddable":true,"href":"https:\/\/objetivoline.com.br\/varejo\/wp-json\/wp\/v2\/media\/657"}],"wp:attachment":[{"href":"https:\/\/objetivoline.com.br\/varejo\/wp-json\/wp\/v2\/media?parent=20"}],"wp:term":[{"taxonomy":"product_cat","embeddable":true,"href":"https:\/\/objetivoline.com.br\/varejo\/wp-json\/wp\/v2\/product_cat?post=20"},{"taxonomy":"product_tag","embeddable":true,"href":"https:\/\/objetivoline.com.br\/varejo\/wp-json\/wp\/v2\/product_tag?post=20"}],"curies":[{"name":"wp","href":"https:\/\/api.w.org\/{rel}","templated":true}]}}